ousands digit of (1 + 13/13)*(-3786)/(-4)?
1
Let n(o) = o**2 + 29*o - 60. What is the units digit of n(17)?
2
Suppose 6*l + 0*l = 60. Suppose l*b = 1162 + 888. What is the hundreds digit of b?
2
Suppose 0 = 4*b - 1077 + 33. What is the hundreds digit of b?
2
Suppose -4615 + 13379 = 4*j - 5*f, 0 = -2*j - 2*f + 4400. What is the tens digit of j?
9
Suppose 17 = -2*u + 3*v, -u - 2*v = 1 + 4. What is the units digit of (-2313)/(-12) - u/28?
3
Let o = 0 + 6. Suppose -3*l + 390 = -w + o*w, 0 = 4*l. What is the units digit of w?
8
Let t(j) = j + 11. Let i be t(-8). Let y be i - (-3 - 0 - 1). Let x = 8 + y. What is the units digit of x?
5
Suppose 3*w + 3*w = 600. What is the units digit of (12/(-10))/((-4)/w)?
0
Let c = 9 + -7. Let u(x) = 14 + x**c + 12*x - 10 + 12. What is the tens digit of u(-12)?
1
What is the units digit of (3/(-6) + 0)*-364?
2
Let f be 2/(-2 + 3)*189/(-14). Let q = f + 30. What is the units digit of q?
3
Let o(d) = -d**2 - 10*d - 7. Let t be o(-10). Let v(u) = 2*u**2 + 5*u + 7. Let q be v(t). Suppose -p = p - q. What is the units digit of p?
5
Let q(t) = 152*t**3 - t**2 + 4*t + 10. What is the tens digit of q(3)?
1
Suppose 1 = -3*m + 10. Suppose -635 = -m*s + 2*j, -5*s + s - j + 865 = 0. Suppose 0 = -r + 5*q - 18 + 85, -5*r - 5*q + s = 0. What is the tens digit of r?
4
Let z be 2/6 - 371/(-21). Let n = -16 + z. What is the tens digit of -23*(-4)/8*n?
2
Let h(m) = 2*m**2 - m. Suppose 15 = -c + 4*c. Let a(x) = -4*x + 18. Let l be a(c). What is the tens digit of h(l)?
1
Suppose -4*r + 3*d = -r - 5937, 2*r = -5*d + 3979. What is the tens digit of r?
8
Let z = 173 - 286. Let u = z - -349. What is the hundreds digit of u?
2
What is the tens digit of 14/28 + (-831)/(-6)?
3
Suppose 2*y + 3*y = 0. Suppose 45 + y = -5*c. Let b = 9 - c. What is the units digit of b?
8
Suppose 2*c - 440 = -2*u + 100, u = -3*c + 802. What is the hundreds digit of c?
2
Let z = -45 - -50. Suppose 560 = -0*y + z*y - 3*c, 0 = -2*y - 5*c + 224. What is the hundreds digit of y?
1
Let s be 1/2 - (-486)/(-12). Let f be (-3 + s/(-15))*-15. Suppose p + f = 2*p. What is the units digit of p?
5
Let o(v) = -1 - v + 1. Let m be o(-4). What is the units digit of m/(12/(-45))*-1?
5
Suppose -3*w - 5*a + 7 + 9 = 0, 6 = 3*w + 3*a. Let u = w - -11. Suppose -u*b + 4*b = 4*i - 112, -b = 2*i - 25. What is the tens digit of b?
3
Let h be (-5)/(5/(-3))*7. Let y = 18 - h. What is the tens digit of (-1)/(y - 128/(-43))?
4
Let m(g) = -2*g + 5 + 1 - 3 + 21*g**2 - 2. Let t be m(1). Suppose 0 = -y + 5 + t. What is the units digit of y?
5
Let c = -9 + 79. Suppose -3*w + c = -w. What is the units digit of w?
5
Suppose 16*a = 8*a + 7544. What is the tens digit of a?
4
Let v = -351 + 146. Let y = 13 - v. What is the hundreds digit of y?
2
Let i = -950 - -3078. What is the hundreds digit of i?
1
Let r be 6/(-10) + (-76)/(-10). Let d(v) = 2*v**2 + 2*v - 23. Let c be d(r). Let s = c - 61. What is the units digit of s?
8
Let o = 12 - 9. Suppose -o*q = -2*q - 3. What is the units digit of q?
3
Suppose 3 - 12 = -3*c. Suppose q = -q - c*h, -4*q - 5*h + 2 = 0. What is the units digit of q?
3
Let a = 6 - 6. Let c = a + 80. What is the tens digit of c?
8
Let d = -43 + 53. What is the tens digit of ((-104)/(-5))/(d/25)?
5
Let d = 9 - 6. Suppose -x = -d*x + 4. Suppose 4*c - c - x*q = 24, -c + 2*q = -8. What is the units digit of c?
8
Let c = -2882 - -4159. What is the units digit of c?
7
Let h = 2 - -384. What is the hundreds digit of h?
3
Let c(q) = -16 + 21*q + q - 10*q - q. What is the tens digit of c(5)?
3
Suppose -18*x + 9 = -15*x. Suppose x*r + 6*l = 5*l + 535, -r + 180 = 2*l. What is the tens digit of r?
7
Let u(t) = 15*t**2 - t. Let q(m) = m + 11. Let o be q(-8). Suppose 3*w - o*l + 18 = 0, -3*l = -12 - 3. What is the units digit of u(w)?
6
Suppose 63*n - 57*n - 180 = 0. What is the units digit of n?
0
Let k(d) = 89 - 184 + 107 - 64*d. What is the tens digit of k(-4)?
6
Let a(w) = 164*w**2 + 2*w + 4. What is the tens digit of a(-3)?
7
Let u be (1 - 1)/(2 - 4). What is the tens digit of (-1)/(u - (-2)/(-214))?
0
Let w(h) = h**3 - 15*h**2 + 6. Let v be w(15). Suppose 562 = v*q - 932. What is the hundreds digit of q?
2
Suppose -3*b + 66 = 4*h, 26 = 2*h - 0*b - 2*b. Suppose h = 5*m - 2*m. What is the units digit of m?
5
What is the thousands digit of (-3682)/8*28/(-7)?
1
What is the tens digit of (-13)/(117/(-24))*(-13473)/(-12)?
9
Let z be (-6)/8*(-2 - 2). Suppose -3*d = -2*j + 69, d - 2 - z = 0. What is the units digit of j?
2
Let o be (22 + (-6 - -3))*-1. Let m = -14 - o. Suppose -3*q + 45 = 4*h, -q = 3*h - 20 + m. What is the tens digit of q?
1
Suppose -290*g - 51360 = -330*g. What is the tens digit of g?
8
Let w(b) = -b + 89. Suppose s + 2 = 3*j + 1, -3 = 3*s. What is the units digit of w(j)?
9
Let f = -208 + 483. Suppose -f = -4*z + 253. Suppose -9*u = -6*u - z. What is the tens digit of u?
4
Let y(p) = p**2 + 2*p - 12. What is the hundreds digit of y(-13)?
1
Suppose 23*o = 18*o + 735. What is the tens digit of o?
4
Suppose 27 = 3*h + 12. Let c(z) = z**2 - 4*z - 5. Let l be c(h). Suppose -2*i + 15 + 19 = l. What is the tens digit of i?
1
Let t(k) = -k**2 + 2*k. Let w be t(-5). Let j = w - -63. Suppose 6*z - j = 2*z. What is the units digit of z?
7
Suppose -549750 = -77*b - 48*b. What is the tens digit of b?
9
Suppose 0 = -2*v + 37 + 9. Suppose 4*r = 187 - v. What is the units digit of r?
1
Let u(j) = -j**2 - 4*j + 5. Let o be u(-6). Let b = o - 10. Let r = b + 35. What is the tens digit of r?
1
Let o(j) = -31*j + 24. What is the tens digit of o(-9)?
0
Let p(w) = 276*w - 157. What is the hundreds digit of p(7)?
7
Suppose -a - 1392 = -3834. What is the hundreds digit of a?
4
Suppose -104 = -18*a + 14*a. Suppose 760 = a*w - 18*w. What is the tens digit of w?
9
Let z = 3332 - -841. What is the thousands digit of z?
4
Suppose -194 = 5*y + s, y + 4*y + 5*s + 210 = 0. What is the units digit of -4 + 0 - (y - 0)?
4
Let g be 119/(-35) - (-2)/5. Let j be 3/(2*g/(-14)). Suppose -5 = 5*b, 3*f + 3*b - j*b - 28 = 0. What is the units digit of f?
8
Suppose g + 4 + 0 = 0. Suppose -8*v + 66 = -14. What is the units digit of (-3 - (g + 2)) + v?
9
Let h = 38 - 34. Let f(b) = -b**3 + 4*b**2 + 0*b**2 + 2*b**2 + 2*b - 2*b**2. What is the units digit of f(h)?
8
What is the thousands digit of -1 - (-1)/(((-25)/(-12830))/5)?
2
Let r(w) = 38*w**2 + 3*w + 2. Suppose 4*c - 3*k = -7, -4*c + k - 3 = -6. Suppose z - 1 = c*z. What is the tens digit of r(z)?
3
Suppose -5*v + 2047 = 2*n, 0 = -2*v + 4*v + 2*n - 814. Let b = v + -275. What is the tens digit of b?
3
Let m = -35 + 31. What is the units digit of 10/3 + m + 262/6?
3
Suppose 8*z = 4*z - 20, 3*d - 3*z - 1980 = 0. What is the tens digit of d?
5
Let a = 16 + -9. Suppose 129 = a*p - 4*p. Let l = p + -26. What is the units digit of l?
7
Suppose -533 = 6*n - 4385. What is the units digit of n?
2
Let p be (-3)/9 - 2/3. Let j be (p - 2)*4/(-6). Suppose j*h + 2*h - 201 = -l, -4*l - 63 = -h. What is the tens digit of h?
5
Let h(m) = m**3 + 5*m**2 - 2*m + 5. Let w be h(-5). Suppose -6*x + 3*x = w. Let f = x + 24. What is the tens digit of f?
1
Suppose 7*h - 12*h + 7 = d, -2*d + 14 = -2*h. Let f be 7 + (-3 + 1 - 0). Suppose -d - 238 = -f*g. What is the units digit of g?
9
Let w = 152 + 332. What is the hundreds digit of w?
4
What is the units digit of 7005/13 - (-2)/13?
9
Let f(j) = -j**3 + j**2 - 2*j + 2. Let v be f(1). Suppose v = 5*p - 4*t - 132, 5*p - 5*t = 2*p + 74. What is the units digit of p?
8
Let p(o) = -76*o. What is the hundreds digit of p(-8)?
6
Let j be (6 + 0)*5/15. Suppose -j*w + 198 = -n + 40, 3*w - 4*n - 247 = 0. What is the units digit of w?
7
Let t(y) = 5*y**2 + 4*y - 4. Let p(w) = 10 - 15*w + 5 + 8*w**2 - 28*w**2. Let o(q) = -4*p(q) - 15*t(q). What is the units digit of o(-2)?
0
What is the hundreds digit of -7 - (8337/(-3) + 7)?
7
What is the units digit of 2/((-1)/(-617)*(19 - 17))?
7
Suppose 0*o - 24 = 3*o. Let y be 0 - (-34)/1*2. Let c = y + o. What is the tens digit of c?
6
Let p = -483 + 168. Let r = 41 - p. What is the tens digit of r?
5
Suppose 0 = -430*l + 415*l + 24195. What is the units digit of l?
3
Suppose -6*m = 2*m - 2304. What is the tens digit of m?
8
Let l(z) = -z**2 + 8*z - 4. Let m be l(7). Suppose -5*o = -m*q + 184, 5*q + 2*o - 354 + 6